and 161.
23
Suppose -n + 3*n + 35 = 5*t, -3*n + 51 = 4*t. Suppose -3*v = t, -3*v - v = -4*u + 72. Calculate the greatest common factor of 3 and u.
3
Let n(s) = s**2 + 5*s + 3. Let a be n(-6). Suppose -94 = -3*y + 2*w, 0 = y + 4*w - a - 13. Calculate the greatest common divisor of 3 and y.
3
Suppose 2*a - 4 - 4 = 0, -3*j - 5 = -2*a. Calculate the highest common divisor of j and 2.
1
Let o be -6*((-6)/3 + 0). Suppose 5*b - 78 = 42. Calculate the highest common factor of o and b.
12
Let n be (15/25)/(2/10). Calculate the highest common divisor of n and 21.
3
Let y(g) = g**3 - 5*g**2 + 4*g - 2. Let v be ((-12)/18)/(4/(-30)). Let q be y(v). Calculate the greatest common factor of 6 and q.
6
Let m(b) = b**2 - 2*b - 4. Let c be m(-3). Calculate the highest common factor of 55 and c.
11
Let s(f) = 5*f + 5. Let u(p) = -11*p - 11. Let w(v) = 13*s(v) + 6*u(v). Let k be w(-4). What is the greatest common divisor of 21 and k?
3
Let g be 3/6 - (-7)/2. Suppose 2*d + 0*d = g. Suppose 2*o + 2*v - 26 = 0, -5 - 39 = -5*o + d*v. Calculate the greatest common divisor of 15 and o.
5
Let q be 3 + 8 - 1 - 4. Suppose -6*i + 72 = -3*i. What is the highest common divisor of i and q?
6
Let c(b) = -394*b - 3. Let u(z) = -131*z - 1. Let s(a) = -3*c(a) + 8*u(a). Let p be s(1). Calculate the greatest common divisor of 15 and p.
15
Suppose -32*d = -28*d - 160. Calculate the greatest common divisor of 4 and d.
4
Let x be (4 + 88/(-16))/((-6)/128). What is the highest common factor of x and 24?
8
Let h(p) = -2 - 2*p + 0*p**3 - p**3 + p - 5*p**2. Let r be h(-5). Suppose -r*f + 15 = -69. Calculate the greatest common factor of f and 7.
7
Suppose -5*q + 3*d + 31 = 7*d, 0 = 3*d - 12. Let i(z) = -2 + 2*z**2 - 6*z - 1 + 2*z. Let v be i(5). Calculate the greatest common divisor of v and q.
3
Suppose -5*x + 0 = 15, 3*x - 131 = -2*u. Calculate the highest common divisor of 10 and u.
10
Suppose -4*v + j + 26 = -2*j, 14 = v + 3*j. Suppose 0 = 3*g - 21 - 87. Suppose 2*d + h - 53 = -d, d - g = -4*h. Calculate the highest common divisor of d and v.
8
Let v be (-2)/(-1) - (7 + -2). Let g be 32/2 + v/1. Let m = 1 + g. Calculate the highest common factor of m and 56.
14
Let o(s) = -s**3 + 8*s**2 - 17*s + 37. Let w be o(6). Let j = -6 + 9. Suppose -m = 2*m - j. What is the greatest common divisor of w and m?
1
Suppose 11*b - 90 = 5*b. Calculate the highest common factor of 45 and b.
15
Let h = 17 - 11. Let c = 4 + h. Suppose -4*n = 4*x - 96, 28 + 32 = 4*x - 5*n. Calculate the greatest common divisor of x and c.
10
Let t(p) = -p**3 + 7*p**2 + 20*p - 14. Let o be t(9). Calculate the highest common divisor of o and 8.
4
Let q be 4/(-26) + 4356/429. Calculate the greatest common divisor of 30 and q.
10
Let y(p) = 5 - 6*p + 2*p - 20 + 5. Let x be y(-6). Suppose 0 = -l + 5, 2*h + 29 = 4*h + 5*l. Calculate the greatest common factor of x and h.
2
Suppose 155 = 4*z - 205. What is the highest common divisor of 36 and z?
18
Let l(d) = -d**3 - 8*d**2 + 7*d - 8. Let n be l(-9). Calculate the greatest common factor of 90 and n.
10
Let x = -16 + -14. Let z = 46 + x. Suppose 4*n = n + 72. Calculate the highest common factor of n and z.
8
Let u be -2 - 65/(-3) - (-13)/39. What is the highest common divisor of 80 and u?
20
Suppose -5 = v - 4, 2*k - 5*v = 11. Suppose 0*t = m + 2*t - 6, 3*m = k*t + 18. What is the highest common divisor of 54 and m?
6
Let s(x) = 20*x - 1. Let u = 4 - 2. Suppose 5*m - 6 = 3*m - q, 0 = 5*m + u*q - 17. Let n be s(m). What is the highest common factor of n and 11?
11
Suppose -6 - 4 = -10*f. Let m(u) = -u**3 + u + 11. Let p = 3 - 3. Let t be m(p). Calculate the highest common divisor of f and t.
1
Suppose r = 1, 5*q - 4*r = 2*q - 49. Let u be (10/q)/(4/(-234)). Suppose 42 = 4*y - 10. Calculate the highest common factor of u and y.
13
Let f(o) = -o**3 - 7*o**2 - 6*o + 2. Let s be f(-6). Suppose x + 0*x + 3*d - 27 = 0, -5*d + 52 = s*x. What is the highest common divisor of x and 7?
7
Suppose -57 - 51 = -2*o. Let h(i) = i**2 - 6*i + 18. Let j be h(6). What is the greatest common divisor of o and j?
18
Let g = -18 + 25. What is the highest common factor of 7 and g?
7
Let n(m) = 5*m + 18*m - 14*m - 2. Suppose -4*a - 2 = -3*i, -1 = i - 2*a - a. Let b be n(i). What is the highest common factor of b and 80?
16
Let l(d) = d**3 + d**2 + 2*d - 2. Let v be l(3). Let w = 391 + -381. Calculate the greatest common factor of w and v.
10
Suppose v + 560 = 6*v - 5*t, 214 = 2*v + 3*t. Suppose -v = -2*z - 22. What is the greatest common divisor of 110 and z?
22
Let p(c) = -c**2 + 2*c + 1. Let n be p(0). Suppose 0 = -3*v - 3*o + 3, 3*v + 5*o = -3. Let r be (-1)/n*-2 + v. Calculate the highest common divisor of 18 and r.
6
Suppose -32 = h + h. Let l = -30 + 21. Let d = l - h. What is the greatest common factor of d and 49?
7
Let r be (-22*4/(-16))/((-1)/(-24)). What is the greatest common factor of r and 12?
12
Suppose 3*w = w + 44. What is the greatest common divisor of w and 1?
1
Let i be (-4 - (2 + -16)) + (-3 - -2). Calculate the greatest common factor of i and 3.
3
Let p = 1 - -7. What is the greatest common factor of p and 40?
8
Let r(c) = c**3 + 7*c**2 + 3*c - 7. Let o be r(-5). Suppose -4*y = 5*n - o, -5*y + 13 = -5*n - 22. What is the greatest common divisor of y and 49?
7
Let d = 6 - 3. Suppose 5*y = -5*i + 35, d*i - 11 = 3*y - 4*y. Let v be 94/6 + (-4)/6. Calculate the highest common factor of v and y.
5
Suppose 5*j = 422 + 343. Calculate the highest common divisor of 17 and j.
17
Let i(c) = 3*c**2 + 13*c + 10. Let s be i(-5). Calculate the greatest common divisor of s and 180.
20
Suppose 4*v + 0*v = 20. Suppose -29 = -v*s - 9. Suppose 0 = 2*i + 2*i - 4, -3*i = -s*f + 45. Calculate the greatest common divisor of f and 6.
6
Let p(a) = -a**3 + 4*a**2 + 4. Let r be p(3). Suppose 12*h = r*h - 144. What is the highest common factor of 18 and h?
18
Let l be (1 - -4 - -4) + -1. Calculate the greatest common factor of l and 4.
4
Let w = 43 - -29. Suppose 2*d + 3*v = -67, -4*d + 2*d + 2*v = w. Let r = -23 - d. What is the highest common factor of r and 18?
6
Let f = -19 + 35. Suppose g + g = f. Calculate the greatest common divisor of 2 and g.
2
Suppose -18 = 3*x - 51. Let q be 1 - (-2)/(-1) - -5. Let u be 5/20 + 43/q. What is the greatest common divisor of u and x?
11
Let r = -1 - -16. What is the greatest common factor of r and 120?
15
Suppose -y - 173 = -0*l - 2*l, 0 = 2*l + 2*y - 182. Suppose -4*f - 12 = -f. Let m = f + 12. What is the greatest common divisor of l and m?
8
Let b be 4/5*60/8. Let d = 60 - 42. What is the greatest common divisor of b and d?
6
Let p = 102 + -53. Let l = -31 + p. What is the highest common factor of 18 and l?
18
Suppose -5*k + 26 + 14 = 0. Let s = -5 + 93. What is the highest common divisor of s and k?
8
Suppose 4*l - 94 = 1138. Let a be (-3)/(-6)*l/2. What is the greatest common divisor of a and 11?
11
Let h = 10 - 4. Suppose -d = -h*d - 4*i, 0 = -d - 4*i. Suppose -18 = -x - d*x. What is the highest common divisor of 9 and x?
9
Let y = 7 - 3. Let m be (-3)/(6/y) - -14. Calculate the greatest common factor of 36 and m.
12
Let v = 45 - -27. Let i(r) = r**2 - r + 7. Let q be i(0). Let w = 16 - q. Calculate the highest common factor of w and v.
9
Suppose -3*t = -3*y + 75, -45 = -5*y - 3*t + 104. Let r(o) = 5*o**2 - 12*o + 32. Let f be r(6). What is the highest common divisor of y and f?
28
Suppose 0 = q + 4*i - 61, q + 6*i = i + 65. Let p(m) = 3*m - m + 0*m**2 + m**2 + 1 + 2. Let o be p(-5). Calculate the greatest common divisor of q and o.
9
Suppose 0*h = -2*h + 138. Suppose -f - h = -2*f. Calculate the greatest common factor of f and 23.
23
Suppose -4*w - 3*l + 17 = 0, 5*w = 3*w + 4*l + 14. Suppose -3*a - 404 = -w. Let r = a + 265. Calculate the highest common divisor of 12 and r.
12
Let o(j) = j**3 + 6*j**2 + j - 1. Let i be o(-5). Calculate the greatest common divisor of i and 19.
19
Suppose -5 + 1 = 4*g - 2*f, -g + 2 = -2*f. Let p be 2 + 0/(2/g). What is the greatest common divisor of 1 and p?
1
Let z = -2 - -3. Let c = 39 - 30. What is the highest common factor of c and z?
1
Suppose -2*s = 3*s - 5*u - 40, -2*u = -3*s + 20. Calculate the highest common factor of 4 and s.
4
Suppose -2*y + 46 = p + 3*p, 4*p + 5*y = 49. What is the highest common factor of p and 11?
1